te number?
True
Is 362138723 a composite number?
False
Is 2240431 composite?
False
Is 1832411 composite?
True
Is 264995123 a composite number?
False
Is 96059131 prime?
False
Is 991313 a composite number?
False
Is 135411389 a prime number?
False
Is 3400777 a composite number?
True
Is 94973861 a prime number?
True
Is 397369 a prime number?
False
Is 6685831 composite?
True
Is 3144341 prime?
False
Is 135077 prime?
True
Is 9124403 composite?
False
Is 77981869 prime?
False
Is 39962323 composite?
False
Is 50746243 prime?
False
Is 2246297 composite?
False
Is 6659921 prime?
True
Is 35919665 a composite number?
True
Is 940019 composite?
False
Is 15460057 composite?
False
Is 28523857 composite?
False
Is 63817393 prime?
True
Is 16715509 prime?
True
Is 22012511 prime?
False
Is 10429247 prime?
True
Is 46310971 prime?
False
Is 660787 a composite number?
False
Is 314196239 prime?
False
Is 4720433 a composite number?
False
Is 39286859 a prime number?
False
Is 7796645 prime?
False
Is 32452447 prime?
True
Is 28782947 a prime number?
True
Is 40778581 composite?
False
Is 6333181 a composite number?
False
Is 345004003 a composite number?
False
Is 28021754 a composite number?
True
Is 9407041 a composite number?
True
Is 397043 a composite number?
True
Is 339114991 prime?
True
Is 758617 a composite number?
False
Is 101468657 a prime number?
False
Is 20445641 composite?
True
Is 107602493 a prime number?
True
Is 22691689 composite?
True
Is 244878397 prime?
True
Is 115958107 a prime number?
True
Is 68423601 composite?
True
Is 36860591 a prime number?
False
Is 13627109 a composite number?
True
Is 600054951 a composite number?
True
Is 154186705 composite?
True
Is 254958277 a prime number?
False
Is 2639111 composite?
False
Is 1144751 a prime number?
False
Is 4283291 a prime number?
False
Is 93638503 a prime number?
False
Is 1590263 prime?
True
Is 133582 composite?
True
Is 2993399 a composite number?
False
Is 40772539 a prime number?
True
Is 5173517 composite?
True
Is 3987629 composite?
False
Is 286540139 prime?
True
Is 133947991 a prime number?
True
Is 44210699 composite?
True
Is 48926417 composite?
True
Is 255421253 prime?
True
Is 4517191 prime?
False
Is 63488267 a composite number?
True
Is 85659955 composite?
True
Is 2959127 prime?
True
Is 3230662 composite?
True
Is 5093573 prime?
True
Is 42290807 prime?
False
Is 258959773 a composite number?
False
Is 18859111 prime?
True
Is 153733 prime?
True
Is 108945073 a composite number?
True
Is 158444261 a composite number?
True
Is 673879 a prime number?
True
Is 1473737 a composite number?
False
Is 449459 a composite number?
False
Is 5430979 a composite number?
True
Is 126496241 a prime number?
True
Is 2497771 composite?
False
Is 280654303 prime?
False
Is 1368671 prime?
False
Is 6283403 a prime number?
False
Is 5567909 a prime number?
False
Is 10205137 composite?
True
Is 147627343 composite?
False
Is 2788949 composite?
True
Is 8359217 composite?
False
Is 69206 a prime number?
False
Is 40546599 prime?
False
Is 2674281 prime?
False
Is 2759 a prime number?
False
Is 9551879 a prime number?
True
Is 41857 a composite number?
True
Is 27279485 a prime number?
False
Is 47674927 composite?
True
Is 2563673 a prime number?
False
Is 18070093 a prime number?
True
Is 50829049 composite?
False
Is 2077249 a composite number?
False
Is 26220643 prime?
True
Is 66513283 composite?
False
Is 8478961 composite?
False
Is 54897587 a composite number?
False
Is 63552889 a composite number?
False
Is 33270143 prime?
False
Is 832231691 a composite number?
True
Is 27589501 composite?
True
Is 12496667 prime?
True
Is 20431951 composite?
False
Is 17371033 composite?
False
Is 186437 composite?
False
Is 540433 prime?
True
Is 67170277 a composite number?
False
Is 4857505 composite?
True
Is 32030579 a composite number?
True
Is 178506173 a composite number?
True
Is 330603859 a composite number?
True
Is 2369093 prime?
True
Is 18614735 a prime number?
False
Is 1164599 composite?
False
Is 371145023 a prime number?
False
Is 1586617 composite?
False
Is 28786609 a composite number?
False
Is 50162789 a prime number?
True
Is 54925381 prime?
False
Is 23954379 a composite number?
True
Is 139602563 prime?
True
Is 3106979 a prime number?
False
Is 19594877 prime?
True
Is 168907457 a prime number?
False
Is 104838319 a composite number?
False
Is 347059693 composite?
False
Is 210456677 composite?
False
Is 4098011 composite?
False
Is 38118887 prime?
False
Is 1917614 a composite number?
True
Is 313763123 prime?
False
Is 914201 composite?
True
Is 115956857 prime?
True
Is 107563 prime?
True
Is 692365547 a prime number?
True
Is 296488631 a prime number?
False
Is 340261 composite?
False
Is 613378 a composite number?
True
Is 8419767 prime?
False
Is 8332427 a prime number?
True
Is 4115611 prime?
False
Is 1414509 prime?
False
Is 3837243 prime?
False
Is 1312579 a prime number?
True
Is 5564651 a composite number?
False
Is 1708631 composite?
True
Is 52530719 prime?
False
Is 768464149 a prime number?
True
Is 6055051 a composite number?
True
Is 73523503 composite?
False
Is 9045041 a prime number?
False
Is 15343 prime?
False
Is 15083693 a composite number?
False
Is 41718593 composite?
True
Is 7432081 a composite number?
False
Is 198289997 composite?
True
Is 312347 a prime number?
False
Is 9197137 composite?
True
Is 255903281 composite?
True
Is 59751383 composite?
False
Is 402621 a composite number?
True
Is 4692271 a composite number?
True
Is 49113307 a composite number?
True
Is 5015551 composite?
True
Is 3946721 prime?
True
Is 33938761 a prime number?
True
Is 3110407 a composite number?
True
Is 156434879 prime?
True
Is 21289153 composite?
False
Is 3281503 a composite number?
False
Is 20872637 prime?
False
Is 204340333 a prime number?
False
Is 10389923 a composite number?
False
Is 12217655 a composite number?
True
Is 223225601 prime?
True
Is 91473721 a prime number?
False
Is 87196843 a composite number?
False
Is 1043991197 prime?
False
Is 12120721 a prime number?
False
Is 48484619 a prime number?
False
Is 35082683 composite?
True
Is 26811961 a prime number?
False
Is 5098629 prime?
False
Is 202277 prime?
True
Is 3741097 prime?
True
Is 7132997 prime?
True
Is 208489 composite?
False
Is 34343851 composite?
False
Is 15319273 composite?
False
Is 6597379 a composite number?
False
Is 9152453 composite?
False
Is 6969757 composite?
False
Is 831518 composite?
True
Is 63119981 composite?
True
Is 221845639 a composite number?
True
Is 6277837 prime?
False
Is 76507 composite?
False
Is 8943707 a prime number?
True
Is 15747959 composite?
True
Is 22284377 a composite number?
False
Is 10519771 prime?
True
Is 955109 composite?
True
Is 8729065 a prime number?
False
Is 241669 prime?
False
Is 3980819 prime?
True
Is 3165749 a composite number?
True
Is 7830653 a composite number?
False
Is 31208431 prime?
False
Is 8644577 prime?
False
Is 152547 prime?
False
Is 185420177 a prime number?
True
Is 405440911 composite?
False
Is 81266147 a prime number?
True
Is 170627713 prime?
True
Is 88932853 a prime number?
True
Is 376267 prime?
False
Is 18803 composite?
False
Is 9884937 composite?
True
Is 41022799 a prime number?
True
Is 1699861 composite?
True
Is 9014767 composite?
False
Is 3030623 prime?
True
Is 50118983 a composite number?
True
Is 19704151 prime?
True
Is 1020541 prime?
True
Is 2153693 composite?
False
Is 16572823 prime?
False
Is 1427257 a prime number?
False
Is 920977 prime?
False
Is 929549 prime?
True
Is 4592477 composite?
True
Is 23057669 a composite number?
False
Is 44204339 a prime number?
True
Is 12531931 a composite number?
True
Is 1554841 a composite number?
False
Is 19145473 composite?
False
Is 57784911 prime?
False
Is 5536711 composite?
False
Is 416156018 a prime number?
False
Is 4843037 prime?
False
Is 123020507 a composite number?
False
Is 111227833 a composite number?
False
Is 1431337 prime?
True
Is 80050037 prime?
False
Is 129175567 a prime number?
False
Is 292105711 composite?
False
Is 456104179 a composite number?
False
Is 79122377 a prime number?
False
Is 122344577 a composite number?
True
Is 1381609 a composite number?
False
Is 374287 a composite number?
False
Is 12131423 composite?
True
Is 1076399 a prime number?
True
Is 20103487 a composite number?
False
Is 10076003 a composite number?
True
Is 6698929 a 